)/(-3) + 1/3. What is the remainder when k(z) is divided by r?
1
Suppose -10 = 5*w, -5*m - 4*w = -8*w - 538. Suppose -3*s = n - m, 4*s - 132 = 5*n + 3. Calculate the remainder when 173 is divided by s.
33
Suppose 3*j + 698 = 2*u + 2047, u - 2270 = -5*j. Let t(p) = p - 16. Let o be t(6). What is the remainder when j/11 - o/(-55) is divided by 21?
20
Suppose 12*u = 44*u - 672. Calculate the remainder when 118 is divided by u.
13
Suppose -2*y + 0*y = -32. Let c(k) = -k**3 + 4*k - 1. Calculate the remainder when c(-4) is divided by y.
15
Let q be -4*3*(-2)/6. Suppose q*o = -0 + 8, -74 = 5*w + 3*o. Let z = 13 - w. Calculate the remainder when 86 is divided by z.
28
Let z = 55 - -165. Calculate the remainder when z is divided by 56.
52
Suppose 6*m - 113 - 265 = 0. Calculate the remainder when m is divided by 5.
3
Suppose 35*l = -32*l + 9849. What is the remainder when l is divided by 30?
27
Let h(t) be the first derivative of -3*t**2/2 - 27*t - 16. Suppose -3 + 9 = -2*p, 0 = 3*l - 3*p - 72. What is the remainder when l is divided by h(-13)?
9
Suppose 2*v + u + 87 - 4 = 0, v = -4*u - 24. Calculate the remainder when 22 is divided by 8/v + (-536)/(-44).
10
Suppose 2*s = -4*y + 64, -4*s + s = 5*y - 82. What is the remainder when 68 is divided by y?
12
Suppose -3*x + 5*x - 4*m - 266 = 0, 0 = -3*m - 6. Calculate the remainder when 100 is divided by 12/45*x - 14/35.
32
Suppose -2*d + 5*d - 75 = 0. Let t = d + 44. Suppose 4*k - 93 = -21. What is the remainder when t is divided by k?
15
Suppose -5*p = -3*a - 344 - 176, -312 = -3*p + 5*a. Let x = p + -47. Let j(k) = -2*k + 2. What is the remainder when x is divided by j(-5)?
9
Calculate the remainder when 142 is divided by 1 + -1*(7 + -30).
22
Let s(j) = -j + 17. Let q be s(10). Calculate the remainder when 65 is divided by (-4)/7 - (-235)/q.
32
Suppose -8*l = -4*l - 304. Let d = l + -46. What is the remainder when d - (6/1)/2 is divided by 15?
12
What is the remainder when 1/((-48)/(-47) + -1) is divided by 4/((-346)/1211 + 15/28)?
15
Calculate the remainder when 110 is divided by (-156)/(3 + 9) - -31.
2
Suppose 0 = -4*u - 3*z - 2*z + 161, -z = 3*u - 118. Calculate the remainder when 193 is divided by u.
37
Suppose -18 = -5*j + 42. Suppose -60 = -2*t + 6*t. Let z = -10 - t. What is the remainder when j is divided by z?
2
Suppose 4*d - 6 = 2*d. Let r = d - 2. Calculate the remainder when (-5 - (6 + -15))/2 is divided by r.
0
Suppose -4*m + 88 = 2*n, -4*n + 8*n = 8. Calculate the remainder when 82 is divided by m.
19
Suppose -4*m + 197 = -3*g, -147 = -4*m + m + 3*g. Suppose 2*k = -2*k + 68. Calculate the remainder when m is divided by k.
16
Let p = 21 + 24. What is the remainder when 221 is divided by p?
41
Let t(z) = -6*z**2 + 3. Let y(d) = -7*d**2 + d + 3. Let x(c) = 6*t(c) - 5*y(c). Let v be x(5). Let r = 2 - v. Calculate the remainder when r is divided by 26.
23
Suppose 2*s = 2*a - 164, -2*a - 3*s - 9 + 168 = 0. Let k = 50 + -29. What is the remainder when a is divided by k?
18
Suppose 14*b = -24 + 220. Suppose 5*m - 12 - 3 = 0. Calculate the remainder when b is divided by m.
2
Suppose -103 = -10*s + 6*s + 5*f, 3*f = 5*s - 145. Calculate the remainder when 255 is divided by s.
31
Suppose 4*j = 11 + 33. Suppose -129 = -3*l + 4*d, -2*d + 30 = l + d. What is the remainder when l is divided by j?
6
Let g = 202 - 167. What is the remainder when 63 is divided by g?
28
Suppose 5*g = 4*r - 32, -6*r = -2*r - 3*g - 24. Suppose -341 = -3*s - 4*j, -2*j = -1 + r. What is the remainder when s is divided by 29?
28
Suppose b + b = 16. Suppose 2*l = 8, 3*l = 4*j + 239 - 43. Let o = j + 85. What is the remainder when o is divided by b?
7
Calculate the remainder when 923 is divided by (-16)/36 - (-2096)/18.
111
Suppose 6*f + 4 + 2 = 0. What is the remainder when 80/2 + 2/f is divided by 9 + (-2)/(-2) + 0?
8
Suppose 6*z = 1180 + 608. Calculate the remainder when z is divided by 30.
28
Suppose i + 5*b - 85 = -17, -5 = -5*b. What is the remainder when i is divided by 33?
30
Let n(a) = 10 - a - 7 + 4. What is the remainder when 22 is divided by n(2)?
2
Let u = -925 + 970. Calculate the remainder when 582 is divided by u.
42
Let o(f) be the first derivative of -5*f**2 - 3*f - 7. Let k be o(8). Let t = 116 + k. Calculate the remainder when t is divided by 12.
9
What is the remainder when ((-20)/50 + 51/(-10))*-20 is divided by 42?
26
Let b(y) = -y**3 - y**2 + y + 22. Let p = 3 + -1. What is the remainder when b(0) is divided by -8*-1*(p - 1)?
6
Let i(x) be the first derivative of 302*x**3/3 + 2*x**2 + 5*x - 7. Calculate the remainder when i(-1) is divided by 51.
48
Let l = 190 + -177. Calculate the remainder when 23 is divided by l.
10
Let c be 10/1*(18 - 17). Let j = -9 + 22. What is the remainder when j is divided by ((-12)/c)/((-42)/140)?
1
Let j(p) = -p**3 + 13*p**2 - 7*p - 48. Suppose 4*w = -3*s + 57, 0 = -w - 3*s + 32 - 11. What is the remainder when j(w) is divided by 7?
5
Let h(j) = 17*j**3 - 3*j**2 + 2*j + 11. What is the remainder when h(2) is divided by 72?
67
Suppose -2*o - 72 = o. Let a = 168 - 200. Let l = o - a. Calculate the remainder when 21 is divided by l.
5
Let l(f) = -f**2 - 6*f + 9. Let g(a) = -2*a**2 - 11*a + 17. Let r(b) = 3*g(b) - 5*l(b). Calculate the remainder when 59 is divided by r(0).
5
Suppose 119 = 5*h + 3*o, 0 = -7*h + 4*h + 2*o + 79. Let q(w) = -w**3 - w**2 + w + 2. Calculate the remainder when h is divided by q(-2).
1
Suppose -6*l + 240 = -0*l. Let g = l - 30. Calculate the remainder when 27 is divided by g.
7
Suppose 2*c - 11 + 55 = -2*m, 4*m + 2*c + 84 = 0. Let o be ((-45)/m)/((-1)/(-4)). Suppose -15*a - o = -16*a. What is the remainder when 15 is divided by a?
6
Let n(p) = 3*p - 16. Let r be n(15). Suppose -r*d - 48 = -25*d. Let k = 19 + d. What is the remainder when k is divided by 4?
3
Suppose 3*w + 0*w = 2*z + 652, -4*z = 3*w - 658. Suppose -32 = 3*n - w. Calculate the remainder when n is divided by 32.
30
Let z = 524 - 445. Calculate the remainder when 315 is divided by z.
78
Let q = 0 - -44. Suppose 17 = -i + q. What is the remainder when i is divided by 7?
6
Suppose -21 = 2*b - 189. Let n = 97 - 53. Calculate the remainder when b is divided by n.
40
Let m(z) = z**3 + 4*z**2 - 27*z - 76. What is the remainder when m(-5) is divided by 6?
4
Suppose 0 = 4*g + 12, 0 = -4*i + g + 2*g + 205. Let h = 61 - i. What is the remainder when 70 is divided by h?
10
Suppose 11*y - 242 = -44. Calculate the remainder when 103 is divided by y.
13
Calculate the remainder when 2/11 - 9/(1287/(-25285)) is divided by 61.
55
Let v = 55 - 36. Calculate the remainder when 35 is divided by v.
16
Suppose 0 = -2*j - 14 + 20. Suppose 37 = j*l + 5*h - 11, -2*l + 28 = 2*h. Calculate the remainder when 86 is divided by l.
9
Let i(s) = -5*s**2 - 4*s + 3. Let u be i(3). What is the remainder when 3*(9/3)/9 - u is divided by 8?
7
Calculate the remainder when ((-322)/(-8))/(5/20) is divided by 13.
5
Let l(i) = i**3 + 9*i**2 + 10*i + 12. Let z be l(-8). Let w(h) = -2*h. Calculate the remainder when w(z) is divided by 3.
2
Suppose 2*j - 86 = -4*o, -56 = -4*o + 5*j + 51. Suppose -5*x + 45 = -0*x. Calculate the remainder when o is divided by -3*(2 + (-30)/x).
3
Suppose -5*n - 43 = 17. Let h(j) = -j**2 - 11*j + 17. Let b be h(n). Let g = b - -19. Calculate the remainder when g is divided by 7.
3
Suppose 7 = l + 2. Suppose 0*q - l*q + 15 = 0. Suppose 9 = -q*r, -r - 31 = -s + 14. What is the remainder when s is divided by 15?
12
Suppose -6*h + 11 + 19 = 0. Let c = h - -5. Suppose c*y - 72 = 2*y. Calculate the remainder when 16 is divided by y.
7
Let x be -3 + 3 - -1 - -4. Suppose 5*c - 17 = 2*q, -x*c + 4*q = -2*c + 1. What is the remainder when (1 - 10)*(-4)/4 is divided by c?
4
What is the remainder when 101 is divided by 4*-4*71/(-142)?
5
Let w(v) = v**3 - 6*v**2 + v + 5. Let u be w(7). Let g = 82 - u. What is the remainder when 81 is divided by g?
18
Let j be (-1 - 1)/((28/49)/2). Let n(f) = f**2 + 5*f - 12. What is the remainder when 7 is divided by n(j)?
1
Let x(j) = -j**3 - 6*j**2 - 5*j + 5. Let i be x(-5). Suppose -l + i*l = 368. Let f = l + -49. Calculate the remainder when f is divided by 11.
10
Suppose v + 3*v - 28 = 0. Let u = 46 - v. What is the remainder when u is divided by 10?
9
Suppose -4*j + 27 = -41. Let c =